 prime factors of 4141083?
3, 1061, 1301
List the prime factors of 20197699.
127, 359, 443
What are the prime factors of 1219737?
3, 406579
List the prime factors of 191086.
2, 7, 13649
What are the prime factors of 78192?
2, 3, 181
What are the prime factors of 227066?
2, 7, 331
What are the prime factors of 8448290?
2, 5, 71, 73, 163
What are the prime factors of 2503137?
3, 7, 13, 53, 173
List the prime factors of 254263.
251, 1013
What are the prime factors of 321551?
53, 6067
What are the prime factors of 9933396?
2, 3, 11, 75253
List the prime factors of 16860250.
2, 5, 11, 6131
What are the prime factors of 7046831?
11, 640621
List the prime factors of 559282.
2, 279641
What are the prime factors of 1580?
2, 5, 79
What are the prime factors of 7109084?
2, 859, 2069
List the prime factors of 4939752.
2, 3, 205823
List the prime factors of 2905939.
89, 103, 317
What are the prime factors of 1189534?
2, 71, 8377
List the prime factors of 1493672.
2, 186709
What are the prime factors of 122049?
3, 71, 191
What are the prime factors of 13626440?
2, 5, 340661
What are the prime factors of 1715130?
2, 3, 5, 17, 19, 59
What are the prime factors of 7963963?
7, 41, 27749
List the prime factors of 630814.
2, 315407
List the prime factors of 494516.
2, 11, 11239
List the prime factors of 7200986.
2, 13, 276961
List the prime factors of 218667.
3, 72889
What are the prime factors of 7602275?
5, 304091
List the prime factors of 4883362.
2, 11, 67, 3313
List the prime factors of 131328.
2, 3, 19
What are the prime factors of 8021430?
2, 3, 5, 3301
List the prime factors of 866799.
3, 19, 37, 137
What are the prime factors of 3940114?
2, 29, 67933
List the prime factors of 2486.
2, 11, 113
What are the prime factors of 215027?
23, 9349
What are the prime factors of 2426281?
11, 13, 19, 47
What are the prime factors of 1496744?
2, 19, 43, 229
List the prime factors of 3893003.
23, 193, 877
List the prime factors of 221187.
3, 17, 4337
List the prime factors of 3080670.
2, 3, 5, 29, 3541
List the prime factors of 134573.
23, 5851
What are the prime factors of 46386?
2, 3, 859
List the prime factors of 15149211.
3, 7, 11, 65581
List the prime factors of 205371.
3, 19, 1201
What are the prime factors of 944974?
2, 97, 4871
What are the prime factors of 749864?
2, 67, 1399
List the prime factors of 1084269.
3, 73, 4951
What are the prime factors of 1109115?
3, 5, 7, 503
List the prime factors of 8429237.
73, 115469
What are the prime factors of 772906?
2, 71, 5443
List the prime factors of 9339352.
2, 11, 106129
List the prime factors of 2145926.
2, 37, 47, 617
List the prime factors of 3277086.
2, 3, 23, 23747
List the prime factors of 267611.
267611
List the prime factors of 232348.
2, 29, 2003
What are the prime factors of 719577?
3, 29, 919
What are the prime factors of 12998926?
2, 19, 342077
List the prime factors of 461157.
3, 153719
List the prime factors of 1498361.
1498361
What are the prime factors of 198872?
2, 24859
List the prime factors of 2308309.
53, 97, 449
What are the prime factors of 631193?
17, 107, 347
What are the prime factors of 132154?
2, 11, 6007
List the prime factors of 443376.
2, 3, 3079
List the prime factors of 66774.
2, 3, 31, 359
List the prime factors of 26199961.
1087, 24103
What are the prime factors of 340883?
23, 14821
List the prime factors of 30197699.
7, 1453, 2969
What are the prime factors of 100982?
2, 7, 7213
List the prime factors of 366111.
3, 19, 2141
What are the prime factors of 10298863?
59, 173, 1009
What are the prime factors of 5685243?
3, 1895081
What are the prime factors of 594543?
3, 59, 3359
What are the prime factors of 598828?
2, 23, 283
List the prime factors of 324836.
2, 17, 281
List the prime factors of 12424666.
2, 157, 39569
List the prime factors of 98890.
2, 5, 11, 29, 31
What are the prime factors of 3277312?
2, 37, 173
List the prime factors of 827484.
2, 3, 7, 9851
List the prime factors of 61348.
2, 7, 313
What are the prime factors of 5782193?
17, 340129
List the prime factors of 444721.
167, 2663
List the prime factors of 5413343.
13, 29, 83, 173
What are the prime factors of 14520216?
2, 3, 605009
List the prime factors of 1941795.
3, 5, 43151
List the prime factors of 32060509.
13, 1433, 1721
List the prime factors of 2958444.
2, 3, 23, 397
What are the prime factors of 9392681?
9392681
List the prime factors of 25204590.
2, 3, 5, 61, 4591
List the prime factors of 546198.
2, 3, 91033
What are the prime factors of 2802619?
23, 121853
List the prime factors of 566232.
2, 3, 23593
What are the prime factors of 4102181?
103, 39827
List the prime factors of 20248101.
3, 191, 11779
What are the prime factors of 6227539?
457, 13627
List the prime factors of 5142897.
3, 571433
List the prime factors of 2827935.
3, 5, 11, 29, 197
What are the prime factors of 35862116?
2, 8965529
What are the prime factors of 1930786?
2, 11, 13, 43, 157
List the prime factors of 201029.
53, 3793
List the prime factors of 2620901.
2620901
What are the prime factors of 177076?
2, 44269
What are the prime factors of 15662294?
2, 569, 13763
What are the prime factors of 536780?
2, 5, 26839
List the prime factors of 1022012.
2, 255503
What are the prime factors of 13980481?
23, 139, 4373
List the prime factors of 163735.
5, 11, 13, 229
What are the prime factors of 185783?
13, 31, 461
List the prime factors of 2326126.
2, 11, 105733
List the prime factors of 3058805.
5, 41, 43, 347
List the prime factors of 5789038.
2, 29, 151, 661
What are the prime factors of 149268?
2, 3, 7, 1777
What are the prime factors of 902721?
3, 131, 2297
List the prime factors of 39565088.
2, 61, 20269
What are the prime factors of 296996?
2, 7, 10607
List the prime factors of 121553.
121553
List the prime factors of 505531.
13, 37, 1051
What are the prime factors of 385406?
2, 7, 27529
List the prime factors of 581485.
5, 17, 6841
List the prime factors of 5115069.
3, 63149
What are the prime factors of 1647577?
29, 56813
List the prime factors of 1821694.
2, 7, 130121
List the prime factors of 862209.
3, 95801
What are the prime factors of 218771?
7, 31253
What are the prime factors of 12938883?
3, 4312961
List the prime factors of 21994455.
3, 5, 7, 209471
List the prime factors of 23922542.
2, 7, 467, 3659
List the prime factors of 672036.
2, 3, 56003
List the prime factors of 134041.
311, 431
What are the prime factors of 137195?
5, 23, 1193
What are the prime factors of 8148745?
5, 11, 13469
List the prime factors of 117105.
3, 5, 37, 211
What are the prime factors of 16158685?
5, 3231737
What are the prime factors of 448269?
3, 149423
List the prime factors of 522089.
163, 3203
What are the prime factors of 262990?
2, 5, 7, 13, 17
What are the prime factors of 267763?
267763
What are the prime factors of 92857?
92857
What are the prime factors of 562584?
2, 3, 11, 2131
What are the prime factors of 5644016?
2, 7, 23, 313
List the prime factors of 1347278.
2, 673639
What are the prime factors of 9934310?
2, 5, 993431
List the prime factors of 13096748.
2, 7, 29, 127
What are the prime factors of 4010387?
19, 211073
List the prime factors of 1078402.
2, 13, 19, 37, 59
List the prime factors of 1093937.
13, 6473
What are the prime factors of 321456?
2, 3, 37, 181
List the prime factors of 15651518.
2, 37, 211507
What are the prime factors of 1161738?
2, 3, 233, 277
List the prime factors of 675240.
2, 3, 5, 17, 331
What are the prime factors of 12238542?
2, 3, 679919
List the prime factors of 2331204.
2, 3, 194267
List the prime factors of 15582374.
2, 431, 18077
List the prime factors of 846502.
2, 423251
List the prime factors of 884749.
89, 9941
List the prime factors of 5716967.
19, 300893
What are the prime factors of 2596910?
2, 5, 259691
What are the prime factors of 86993?
86993
List the prime factors of 747460.
2, 5, 7, 19, 281
List the prime factors of 768783.
3, 61, 4201
List the prime factors of 137977.
7, 23, 857
What are the prime factors of 2374833?
3, 617, 1283
What are the prime factors of 824808?
2, 3, 34367
What are the prime factors of 4309621?
4309621
List the prime factors of 21112083.
3, 283, 307
What are the prime factors of 9238844?
2, 2309711
What are the prime factors of 987617?
73, 83, 163
Wha